{"id":276,"date":"2019-12-11T17:44:19","date_gmt":"2019-12-11T17:44:19","guid":{"rendered":"http:\/\/dirkse.eu\/?page_id=276"},"modified":"2020-01-04T15:07:03","modified_gmt":"2020-01-04T15:07:03","slug":"fedtfri-kost-deens","status":"publish","type":"page","link":"https:\/\/dirkse.eu\/?page_id=276","title":{"rendered":"Fedtfri kost (Deens)"},"content":{"rendered":"<p><em>I begyndelsen af 90&#8217;erne sammensatte Koos Dirkse en kost med en r\u00e6kke di\u00e6tister, hvor fedtet blev st\u00e6rkt reduceret. Denne kost kaldes &#8216;hospital di\u00e6t&#8217; eller &#8216;yoghurt kost&#8217;. Resultaterne efter tre uger er fantastiske. Hvis du n\u00f8je holder fast i kosten, s\u00e5 med en startv\u00e6gt p\u00e5 mindst 85 kg, vil du miste omkring 10 kg efter tre uger. Det er 12% af v\u00e6gten. Der er eksempler p\u00e5 personer, der har v\u00e6ret p\u00e5 kosten i seks m\u00e5neder (med mellemrum) og har tabt omkring 25 kg.<\/em><\/p>\n<p><strong>Jeg kan ikke tabe sig<\/strong><br \/>\nI dag er mange mennesker overv\u00e6gtige. Som alle ved, er de f\u00f8rste skridt til at tabe sig meget vanskelige. Du ser din v\u00e6gtreduktion, og du tror: den ene p\u00f8lse eller den burger betyder ikke meget mere. Det lyder irriterende, men du skal virkelig komme ud af den onde cirkel. Hvis du klarer at miste et par pund, vil du lykkes. Du vil automatisk flytte mere, bruge flere og forskellige muskler, blive mere aktive og finde det p\u00e5 et bestemt tidspunkt for at tage den fede bid eller snack. S\u00e5 vil det fungere!<\/p>\n<p><strong>Hvor lang tid varer denne kost<\/strong><br \/>\nDet er bedst at f\u00f8lge kosten i tre uger. Og s\u00e5 et par uger kun 1 dag om ugen. Hvis du vil tabe mere v\u00e6gt bagefter, kan du simpelthen afhente tre ugers cyklus igen. Det er bedst at holde et interval mellem di\u00e6tene p\u00e5 mindst to m\u00e5neder.<\/p>\n<p><strong>Uge 1<\/strong><br \/>\nDet ville v\u00e6re s\u00e6rligt godt, hvis skalaen angav et par pounds mindre i slutningen af ugen. S\u00e5 kan det opretholdes og resten kommer. Med denne kost er kosten rimelig varieret. Du beh\u00f8ver ikke bruge hocus pocus piller, som er d\u00e5rlige for sundhed og tegnebog.<br \/>\nEfter en uge er der tre kilo. Det anbefales dog at drikke mindst to liter vand om dagen uden tils\u00e6tning.<\/p>\n<p><strong>i weekenden<\/strong><br \/>\nDu kan bruge det normale m\u00e5ltid i weekenden. Ikke overdreven! En eller to snacks kan ikke skade.<\/p>\n<p><strong>Uge 2 og 3<\/strong><br \/>\nDe n\u00e6ste to uger er identiske med den f\u00f8rste uge.<\/p>\n<p><strong>di\u00e6t<\/strong><br \/>\nBem\u00e6rk: Salat kan laves med lidt salt, eddike og lidt olie. Grilling af k\u00f8d.<\/p>\n<ul>\n<li>Spiser normalt p\u00e5 l\u00f8rdag og s\u00f8ndag (ikke overdrevet). Kaffe og te ubegr\u00e6nset, uden m\u00e6lk og sukker<\/li>\n<li>Drik mindst 2 liter vand dagligt (uden tils\u00e6tningsstoffer). Efter tre uger taber du omkring 10 kg<\/li>\n<li>Hvis du vil beholde samme v\u00e6gt efter denne di\u00e6t, skal du bruge di\u00e6ten p\u00e5 mandag og bruge resten af ugen til din regelm\u00e6ssige mad<\/li>\n<li><\/li>\n<\/ul>\n<p style=\"text-align: center;\"><em><strong> Hold den fuld og dit liv vil tage en anden tur!<\/strong><\/em><\/p>\n<p>Downloade kosten<a href=\"http:\/\/www.pdfarchief.com\/dieet\/dk.pdf\"><br \/>\n<img loading=\"lazy\" decoding=\"async\" class=\"size-full wp-image-9 aligncenter\" src=\"http:\/\/medisoft.nl\/wp-content\/uploads\/2018\/06\/MEDISOFT.gif\" alt=\"\" width=\"263\" height=\"121\" \/><br \/>\n<\/a><\/p>\n","protected":false},"excerpt":{"rendered":"<p>I begyndelsen af 90&#8217;erne sammensatte Koos Dirkse en kost med en r\u00e6kke di\u00e6tister, hvor fedtet blev st\u00e6rkt reduceret. Denne kost kaldes &#8216;hospital di\u00e6t&#8217; eller &#8216;yoghurt kost&#8217;. Resultaterne efter tre uger er fantastiske. Hvis du n\u00f8je holder fast i kosten, s\u00e5 &hellip; <a href=\"https:\/\/dirkse.eu\/?page_id=276\">Lees verder <span class=\"meta-nav\">&rarr;<\/span><\/a><\/p>\n","protected":false},"author":2,"featured_media":278,"parent":0,"menu_order":0,"comment_status":"closed","ping_status":"closed","template":"","meta":{"footnotes":""},"_links":{"self":[{"href":"https:\/\/dirkse.eu\/index.php?rest_route=\/wp\/v2\/pages\/276"}],"collection":[{"href":"https:\/\/dirkse.eu\/index.php?rest_route=\/wp\/v2\/pages"}],"about":[{"href":"https:\/\/dirkse.eu\/index.php?rest_route=\/wp\/v2\/types\/page"}],"author":[{"embeddable":true,"href":"https:\/\/dirkse.eu\/index.php?rest_route=\/wp\/v2\/users\/2"}],"replies":[{"embeddable":true,"href":"https:\/\/dirkse.eu\/index.php?rest_route=%2Fwp%2Fv2%2Fcomments&post=276"}],"version-history":[{"count":1,"href":"https:\/\/dirkse.eu\/index.php?rest_route=\/wp\/v2\/pages\/276\/revisions"}],"predecessor-version":[{"id":277,"href":"https:\/\/dirkse.eu\/index.php?rest_route=\/wp\/v2\/pages\/276\/revisions\/277"}],"wp:featuredmedia":[{"embeddable":true,"href":"https:\/\/dirkse.eu\/index.php?rest_route=\/wp\/v2\/media\/278"}],"wp:attachment":[{"href":"https:\/\/dirkse.eu\/index.php?rest_route=%2Fwp%2Fv2%2Fmedia&parent=276"}],"curies":[{"name":"wp","href":"https:\/\/api.w.org\/{rel}","templated":true}]}}